 10, what is -35 + 28?
-7
In base 5, what is 0 + 1431?
1431
In base 9, what is -3 + -71?
-74
In base 8, what is 246 + 1?
247
In base 9, what is -572 - 2?
-574
In base 10, what is 0 - 6840?
-6840
In base 4, what is -10302 - 11?
-10313
In base 10, what is 18 - -5?
23
In base 8, what is -127 - 206?
-335
In base 15, what is 773 - 1?
772
In base 13, what is -4 + a53?
a4c
In base 10, what is -187 - -55?
-132
In base 13, what is -260 - 2?
-262
In base 2, what is 110 + -1?
101
In base 5, what is 143 - -1?
144
In base 7, what is 441 + -24?
414
In base 15, what is -7 + -95?
-9c
In base 13, what is -2373 + 3?
-2370
In base 15, what is 4 + -d?
-9
In base 14, what is 0 - 78?
-78
In base 16, what is -1f + 8?
-17
In base 2, what is 10110000 + 0?
10110000
In base 9, what is -177 + 5?
-172
In base 2, what is -1101010 - 11011110?
-101001000
In base 5, what is 1042 + -10?
1032
In base 9, what is 2 - 448?
-446
In base 4, what is 2 + -10313?
-10311
In base 6, what is 2042 + 10?
2052
In base 11, what is 2 + -73?
-71
In base 8, what is -2501 + -3?
-2504
In base 16, what is -fe5 - 5?
-fea
In base 5, what is 340 + -234?
101
In base 16, what is 6 + -f8?
-f2
In base 4, what is -33301 - -13?
-33222
In base 7, what is -352 + -4?
-356
In base 4, what is 213 - -13?
232
In base 4, what is 1103 + -1220?
-111
In base 3, what is -11 - -2012?
2001
In base 5, what is -14 - -104?
40
In base 9, what is -533 - -5?
-527
In base 6, what is 44 + 2104?
2152
In base 11, what is -132 + 0?
-132
In base 15, what is -e - 0?
-e
In base 3, what is 2002000 - 11?
2001212
In base 12, what is -a - -14b?
141
In base 2, what is 10010100000110 - -101?
10010100001011
In base 6, what is 2 + -50?
-44
In base 8, what is -41 + -53?
-114
In base 4, what is 3 + -200?
-131
In base 7, what is -3 + 441?
435
In base 2, what is 1101 + 100001?
101110
In base 10, what is 27 - 12?
15
In base 13, what is -4 - 226?
-22a
In base 12, what is 50 - -4?
54
In base 2, what is -10011 + 1?
-10010
In base 5, what is -13004 + 0?
-13004
In base 10, what is 1 + -1110?
-1109
In base 2, what is 0 + 1111100?
1111100
In base 8, what is -335 - 6?
-343
In base 13, what is 4 + 73?
77
In base 6, what is -25502 - -1?
-25501
In base 6, what is 135 + -2?
133
In base 7, what is 4 + 341?
345
In base 9, what is -212 - 2?
-214
In base 3, what is -10 + 110?
100
In base 5, what is -1032 - -34?
-443
In base 10, what is 88 + 22?
110
In base 15, what is -2 - 2a?
-2c
In base 15, what is 5 + 1849?
184e
In base 3, what is -1 + -22022?
-22100
In base 8, what is 1 + 4717?
4720
In base 16, what is -b4 - -1?
-b3
In base 12, what is -181 + 4?
-179
In base 6, what is -343 + 5?
-334
In base 16, what is -2 + -44?
-46
In base 7, what is -1 + 225?
224
In base 6, what is 1 + 13051?
13052
In base 5, what is 13 + 440?
1003
In base 8, what is 4 - -37?
43
In base 9, what is -3 - 114?
-117
In base 15, what is -4 + 9a1?
99c
In base 6, what is -32051 + 3?
-32044
In base 12, what is -194 + 3?
-191
In base 9, what is 74 - 73?
1
In base 3, what is 10120 - 11?
10102
In base 10, what is 5673 + 4?
5677
In base 7, what is -1004 - 5?
-1012
In base 11, what is 3 - 0?
3
In base 12, what is -17 + 493?
478
In base 3, what is -211200 - 11?
-211211
In base 2, what is -1 + 1000110?
1000101
In base 10, what is 699 - 7?
692
In base 6, what is -2 + 243?
241
In base 5, what is 3 + 2010?
2013
In base 8, what is -4 - -27?
23
In base 2, what is 100 + -1010110?
-1010010
In base 7, what is -1121 - -2?
-1116
In base 5, what is -1233 - -20?
-1213
In base 6, what is -3050 - 2?
-3052
In base 2, what is 0 - -1010?
1010
In base 8, what is 3 - -127?
132
In base 8, what is 71 + 374?
465
In base 9, what is 3 + 86?
100
In base 13, what is -a - 15b?
-168
In base 8, what is 35 - 135?
-100
In base 7, what is 3 + 334?
340
In base 2, what is -101 - 10010001?
-10010110
In base 8, what is -4 - -67?
63
In base 11, what is 24 - 16?
9
In base 3, what is 11002111 - 12?
11002022
In base 14, what is 3 - 151?
-14c
In base 11, what is 9 - 6?
3
In base 9, what is -3 + -1873?
-1876
In base 3, what is 1 + -12111?
-12110
In base 2, what is 1110 - 100110?
-11000
In base 3, what is 10212 + 10?
10222
In base 12, what is -1ba + -8?
-206
In base 10, what is 582 + -2?
580
In base 13, what is 14b8 - -4?
14bc
In base 12, what is -131 + 1?
-130
In base 14, what is -4 - 8c?
-92
In base 16, what is 1 - 2f?
-2e
In base 7, what is -20432 - 10?
-20442
In base 16, what is -49 + -5?
-4e
In base 4, what is 12322 - 113?
12203
In base 16, what is -8b8 - -3?
-8b5
In base 4, what is -11100023 + -3?
-11100032
In base 15, what is -1 + -9?
-a
In base 15, what is -13 - 7?
-1a
In base 5, what is -1441 + 20?
-1421
In base 12, what is 5 + -28?
-23
In base 5, what is 112 - 2?
110
In base 12, what is -2b3 - 3?
-2b6
In base 11, what is 26 + 39?
64
In base 10, what is -39 + -165?
-204
In base 8, what is -131314 - -3?
-131311
In base 7, what is -251 - 3?
-254
In base 11, what is -12 - -80?
69
In base 5, what is 20 + -4?
11
In base 8, what is 111 + -14?
75
In base 8, what is -203 - -3?
-200
In base 2, what is 11 - 100000?
-11101
In base 3, what is 20 + 221?
1011
In base 12, what is -45 - -7?
-3a
In base 3, what is -10211122 - 2?
-10211201
In base 13, what is -147 + -16?
-160
In base 10, what is 2 - 10?
-8
In base 14, what is d1 - -5?
d6
In base 2, what is -11110 + 0?
-11110
In base 6, what is -2 - -141?
135
In base 10, what is 8097 - -3?
8100
In base 8, what is -4 + -424?
-430
In base 7, what is 222 - 336?
-114
In base 8, what is 25 - -12?
37
In base 10, what is 11 - -66?
77
In base 15, what is d61 - 2?
d5e
In base 6, what is -3 + -1121?
-1124
In base 8, what is 31 - 16?
13
In base 9, what is 10 - -22?
32
In base 9, what is -5 + 1052?
1046
In base 14, what is -93 - 3b?
-d0
In base 12, what is -a + 8?
-2
In base 4, what is 1 - -2?
3
In base 16, what is 6 - -88?
8e
In base 16, what is -54b + -17?
-562
In base 9, what is -2770 - 5?
-2775
In base 4, what is -212 - -1?
-211
In base 15, what is -1 - -113?
112
In base 7, what is 5 + -2052?
-2044
In base 4, what is 2 + -302?
-300
In base 12, what is 4 + 132?
136
In base 14, what is 632 - 1?
631
In base 4, what is -110 - -2022?
1312
In base 16, what is ca0 + 6?
ca6
In base 7, what is -32 + -5?
-40
In base 7, what is -5 - -56?
51
In base 6, what is 22 + -214?
-152
In base 6, what is -1515 + 1?
-1514
In base 2, what is -1 + -11001011?
-11001100
In base 7, what is -310 - -3?
-304
In base 8, what is 3 - -1541?
1544
In base 9, what is -5 - 3172?
-3177
In base 10, what is -662 + -4?
-666
In base 3, what is 12 + -12120?
-12101
In base 15, what is 2 - 11?
-e
In base 7, what is 153 + 5?
161
In base 9, what is 774 - -3?
777
In base 4, what is -11021 + 303?
-10112
In base 4, what is 201031 + 12?
201103
In base 6, what is 3 + 413?
420
In base 5, what is 201 - 30?
121
In base 9, what is 57 + 21?
78
In base 5, what is 2230 + -3?
2222
In base 10, what is 33 - -6?
39
In base 13, what is 19 + -15?
4
In base 5, what is -1021 - -2?
-1014
In base 3, what is -101222 - 12?
-102011
In base 7, what is -3 + -33?
-36
In base 5, what is -30 - 10141?
-10221
In base 6, what is 324 - 23?
301
In base 11, what is 5 - -239a?
23a4
In base 14, what is -5 + -2?
-7
In base 4, what is -2 + -10302?
-10310
In base 14, what is 10 + 6?
16
In base 14, what is 282 + -4?
27c
In base 5, what is 4 + 101114?
101123
In base 13, what is 161 + 6?
167
In base 4, what is -1 + 2301?
2300
In base 16, what is 11ba - 2?
11b8
In base 9, what is -116 - -44?
-62
In base 7, what is 24 - 152?
-125
In base 11, what is 4 + 9a?
a3
In base 10, what is 203 + 0?
203
In base 2, what is 110100010110 + 100?
110100011010
In base 15, what is -b - 6?
-12
In base 13, what is 1 - 110?
-10c
In base 4, what is -3 - -20213?
20210
In base 8, what is -11 + 102?
71
In base 3, what is 1 + -21102?
-21101
In base 10, what is -566 - -34?
-532
In base 16, what is -4 + -385?
-389
In base 5, what is -2010 + -23?
-2033
In base 10, what is 13 + -59?
-46
In base 3, what is 12 - 1002?
-220
In base 10, what is -35 - 1?
-36
In base 10, what is 104 - -11?
115
In base 13, what is 50a + 4?
511
In base 16, what is 65c - b?
651
In base 16, what is -10 - -fe?
ee
In base 10, what is 35 + -5?
30
In base 3, what is -11 + 10222220?
10222202
In base 16, what is -32 + 1?
-31
In base 8, what is -2 + -15?
-17
In ba